))/(-2 - -3). Suppose q + v = 4*j + 2*q, 5*j = 2*q - 5. Let x(u) = -u**2 - 3*u + 6 - j + 0*u**2. What is x(-5)?
-5
Let d(l) = -l - 8. Let z be d(-9). Let h(n) = n - 1 + n**3 + 3 + z - 1 - 2*n**2. Determine h(2).
4
Let c be 4 - ((3 - 0) + -2). Let u(n) = n**2 + n + 6. Let i(o) = -2*o**2 - o - 11. Let k(r) = c*i(r) + 5*u(r). Give k(2).
-3
Let j(d) = -8 - 7*d + 0*d + 4*d + 7. Give j(1).
-4
Let f(n) = n**3 - 7*n**2 + 6*n - 6. Suppose -q - 4*i + 6 = -2*q, 4*i - 18 = -q. Calculate f(q).
-6
Let a be (0/(-4))/(0 + -2). Suppose v + a*v = 15. Suppose -4*y = y - v. Let b(m) = m**3 - 5*m**2 + 3*m + 1. Determine b(y).
-8
Let w(g) = -g**2 - 3*g - 2. Let j = 0 + 3. Suppose 21 = -j*v - 0*v. Let r = v - -3. Give w(r).
-6
Let i(n) = 4*n - 1. Let b be ((-40)/6)/(-5)*-3. Let l be (-7 - b)*(-2)/(-6). Let k be i(l). Let z(r) = -r**2 - 3*r + 7. Determine z(k).
-3
Suppose 8*g - 6*g = 4. Let k(d) = -d**3 + 2*d**2. Calculate k(g).
0
Let c(o) be the second derivative of -o**3/6 - 5*o**2/2 - 3*o. Calculate c(-3).
-2
Let u(i) = 2*i**2 + 3*i + 3. Let o be u(-2). Let l(s) = 5 + s - 16 + 16 - 2*s. Determine l(o).
0
Suppose -z = -2*z. Let y(v) = 17*v + 3. Let w(x) = -16*x - 4. Let k(f) = -6*w(f) - 5*y(f). Let q(h) = -5*h - 5. Let c(u) = -4*k(u) - 9*q(u). What is c(z)?
9
Let x(j) = j**3 - 3*j**2 - j + 5. Suppose -4*t + 12 = 4. Suppose -3*v - 2 = 1. Let w(h) = h**3 - h + 1. Let n(y) = t*w(y) + v*x(y). Calculate n(-3).
0
Let l be 2/(-4)*(1 + 1). Let n(v) be the first derivative of -v**2/2 - v + 1. What is n(l)?
0
Let f = -24 + 23. Let b(s) = -10*s**2 - s - 1. Determine b(f).
-10
Let w = -3 + 1. Let k(h) be the second derivative of -h**4/12 - h**2/2 + 3*h. Determine k(w).
-5
Let s be 0/3*1/(-2). Let g(d) be the first derivative of -4*d - 2 - 1/2*d**2. Calculate g(s).
-4
Suppose -5 = -2*j + j. Suppose 14 + 1 = -j*v. Let z(y) = -10*y**2 - 9*y + 13. Let b(s) = -3*s**2 - 3*s + 4. Let n(u) = -7*b(u) + 2*z(u). What is n(v)?
-2
Let q = 9 - 5. Let w(k) = -q*k**3 + 2 - 3*k**3 + 6*k**3. Suppose -5*y + 21 = 2*x, 0 = -4*x + 4*y - 18 - 10. Give w(x).
10
Let u be 2*(-1)/(-1)*-2. Let f = u + 3. Let j(o) = 0 + 1 + o**2 + o**3 + 2*o - 7*o**3. Determine j(f).
6
Suppose -4*i - 16 = -44. Suppose 2*v - 5 + 3 = 0. Let z(j) = -5*j + i*j + 0 + v. What is z(3)?
7
Let g(v) be the first derivative of -v**3/3 - v**2 - v - 8. Determine g(-4).
-9
Let g(r) = -r**2 + r. Suppose 0 = -3*w - n + 2*n + 8, -n - 2 = -w. Give g(w).
-6
Let c(o) = 3 + 2*o - 7 - o. What is c(5)?
1
Let u be (-2)/(-6) + (-2)/6. Let p be u/1 + 1 + 2. Suppose -p*b + 18 = -5*m, -b = -4*m - 0 - 13. Let y(v) = v - 2. What is y(m)?
-5
Let r be (-9)/2*(30/(-18) + 1). Let x(q) be the third derivative of q**2 + 1/3*q**r + 7/24*q**4 + 0*q + 0. Give x(-2).
-12
Let k(o) = -2 - 2*o + 1 + 0 + o + o**2. Let v(p) = 4*p**2 - 5*p. Let m(j) = 3*k(j) - v(j). Calculate m(3).
-6
Let s(v) be the second derivative of -v**8/6720 - v**7/1260 + v**5/120 + v**4/4 - 9*v. Let a(r) be the third derivative of s(r). What is a(-2)?
1
Let l(f) = -6*f**3 + 0*f**3 + 7*f**2 + 2*f**3 + 5*f**3 - 7 - 2*f. Give l(-7).
7
Suppose -i = -6*i - 35. Let s(h) = -h - 8. Calculate s(i).
-1
Let h = 8 - 3. Suppose 4*w = h*r, 2*r - 3 = -w - 16. Let v(s) be the first derivative of s**4/4 + 2*s**3 + 3*s**2 + s - 5. Determine v(w).
-4
Suppose -2*p + 6 = -g - 2, g - 2 = -3*p. Suppose 6 = 2*h + p. Let q(t) = 2*t**2 - 2*t. What is q(h)?
4
Let u(p) be the first derivative of p**4/4 - 4*p**3/3 - 3*p**2 + 3*p - 3. Calculate u(5).
-2
Let h(g) = -g**3 + 1 + 4 + 6*g**2 + 3 - g - 4. Determine h(6).
-2
Let o(l) = -2*l - 1. Suppose v + 3*h + 7 = 0, -5*v + 4*h = -4*v - 14. Suppose -v*n = n - 9. Calculate o(n).
-7
Let o(c) = 0*c - 3 + c + 6 + 5. Determine o(-6).
2
Let s(b) = 4*b + 1. Let r be s(-1). Let k(p) = 2*p + 8. Let h be k(-5). Let d = h + r. Let v(u) = u**3 + 6*u**2 + 7*u + 5. What is v(d)?
-5
Let h = -13 + 15. Suppose 2*d - 6 = -d. Let x(i) = d*i + i - 2 - 5*i. What is x(h)?
-6
Let i(u) = 2*u + 1. Suppose -5*c - 4 = 2*s - 1, -c = -5*s + 33. Determine i(s).
13
Let u be -1*3 - 8/8. Let p(a) = a**2 + 4*a - 2. Give p(u).
-2
Let p(x) = x**2 - 2*x - 7. Let s be p(5). Let k be s/(-10)*60/(-8). Let t(f) = -f**3 + 6*f**2 + 2*f - 6. Calculate t(k).
6
Let u = 4 + -1. Suppose -3*o + 2*m = -0*o, o + u*m - 11 = 0. Let i(f) = 3*f + 4 + 1 - 7*f + 3*f**o + 0*f**3 + f**3. What is i(-4)?
5
Let u(g) be the second derivative of -g**3 - g**2/2 - 15*g. What is u(1)?
-7
Let n(v) = -v**3 - 4*v**2 + 5*v - 5. Suppose -2*w + 4 = 2*w - 2*i, -3*w - 3*i + 3 = 0. Let a(o) = -w - o - o + o. Let r be a(4). Calculate n(r).
-5
Let o(q) be the first derivative of -q**3/3 - 3*q**2 + 4*q + 13. What is o(-5)?
9
Let t(d) = d**3 - d**2 - 4*d - 3. Let i(f) = -2*f**3 + f**2 + 8*f + 7. Let q(b) = 3*i(b) + 7*t(b). Calculate q(5).
5
Let o(f) = -7*f**2 + 6*f - 3. Let x(c) = -11*c**2 + 9*c - 5. Let l(g) = 8*o(g) - 5*x(g). What is l(5)?
-9
Let y(r) = -14*r**3 + 2 + 7*r**3 + 6*r**3 - 7*r - 6*r**2. Give y(-5).
12
Suppose -3*u + 27 = -4*p, p - 5*u + 11 = -0. Let q(x) be the first derivative of x**2/2 + 6*x - 1. What is q(p)?
0
Let q(d) = 4*d**2 + 4. Let z(l) = l**2 + l + 1. Let g be 1/(((-6)/10)/3). Let s(f) = -f**2 - 5*f - 3. Let n be s(g). Let y(v) = n*z(v) + q(v). Determine y(4).
5
Suppose -5*h = 3*o - 7 - 4, -5*h + 3 = -o. Let r be o + 2/(-1) + -2. Let z(i) be the third derivative of -i**5/60 - i**3/6 - i**2. Give z(r).
-5
Let k(g) = -g**2 - 3*g + 10. Let c(l) = -l**2 - 2*l + 9. Let i(o) = 6*c(o) - 5*k(o). Give i(3).
4
Let r(v) = -v**3 - 6*v**2 + 2*v + 9. Let a be (-132)/21 - 6/(-21). Let t be r(a). Let z(f) = -f**2 - 5*f + 4. Determine z(t).
10
Suppose 6 = -3*i + 3. Let z(w) = 4*w + 1. Calculate z(i).
-3
Let r(j) be the second derivative of -1/2*j**3 - 3*j + 2*j**2 + 0. Calculate r(5).
-11
Let k = -6 - -4. Let w(l) be the third derivative of 0 - 1/30*l**5 + 0*l + 1/3*l**3 - 5*l**2 + 1/24*l**4. Calculate w(k).
-8
Let w(o) = 3*o - 2. Suppose 8*v - 7*v = 22. Suppose -v = -5*p + 3*q, p - 4*q = q + 22. Determine w(p).
4
Suppose -2*c = 5*g + 21, -13 = 3*c - 2*c + 3*g. Let w(a) = 2*a - 3*a - 3*a - 2*a + c - a**2. Let x(n) = -3*n + 9. Let r be x(5). Give w(r).
2
Let x(o) = -4*o**2 + o + 1. Let d(i) = -i**2 + 3*i - 1. Let r be d(3). Give x(r).
-4
Suppose 0 = v + 2*v - k - 10, 0 = -2*v - 4*k - 12. Let o(f) = f + f**v + 3 - 2*f - 2*f. Let g = -1 + 5. Give o(g).
7
Suppose -6 = 2*o - 0*o + 3*d, -3*d - 21 = -3*o. Suppose -2*k = 3*s - 6, 2*k + 4*s = k + o. Let t(v) = 5*v**3 - k*v**3 + v - 2*v**2 + 5*v**2. What is t(-2)?
-6
Let p(j) = j**3 + 3*j**2 - 2*j + 3. Suppose 7*t = -21 - 7. Calculate p(t).
-5
Let k(d) = 2*d**2 - 6*d + 4. Suppose 0 = -5*l + 64 - 14. Let q = l + -11. Let o(y) = -y**2 - y - 1. Let s(c) = q*o(c) - k(c). What is s(4)?
9
Let a be (12/5)/((-3)/(-15)). Let l(r) = a - 7*r + 7*r + r. Determine l(-6).
6
Let x(t) be the third derivative of t**6/120 - t**5/15 - 7*t**4/24 + 7*t**3/6 + t**2. Let l = 1 - -4. Determine x(l).
-3
Let m(b) = -b**3 - b**2 + b + 1. Suppose 2*i = -0*i - 4. Let c be 45/10 - 1/i. Suppose -5*y = -4*l + 1 - c, l + 4*y = -1. Calculate m(l).
0
Let o(s) = 2*s**2 - 2*s + 1. Let p(d) = -6*d + 12*d - 4*d + 16. Let f be p(-7). Determine o(f).
5
Let g(d) be the third derivative of -d**4/24 + d**3/3 + 16*d**2. Suppose 2*x - 4 = 3*x. Give g(x).
6
Let l(y) = 2*y**2 + 1. Let h be l(-1). Suppose -h*f - 18 = -0*f. Let t(v) = -v**2 - 8*v - 7. Give t(f).
5
Let d(c) = -4*c**3 - 3*c**2 - 4*c - 1. Let j(v) = 3*v**3 + 3*v**2 + 3*v + 1. Let a(i) = 2*d(i) + 3*j(i). Let h(o) = -3*o + 1. Let w be h(1). What is a(w)?
3
Let z(h) = -h - 3. Let u be z(-6). Let o = -7 + 10. Let y(m) = -5*m + 1 + 1 - 2*m**3 + 3*m**o - 2*m**2. What is y(u)?
-4
Let d(a) be the third derivative of a**2 - 1/6*a**4 + 1/60*a**5 + 0 + a**3 + 0*a. Give d(5).
11
Let i be 11 - -2*(-12)/8. Suppose 0 = 5*h, -3*g + i*g = h - 5. Let b(z) = -z**2 + z - 1. Let p(q) = 5*q**2 - 2*q + 4. Let n(x) = 3*b(x) + p(x). Calculate n(g).
2
Let o(d) = -d**3 - 8*d**2 + 10*d. Let g(q) = q**3 - 17*q**2 - 17*q - 27. Let z be g(18). Determine o(z).
-9
Let h be 4*1 - (-4 - -4). Let k(m) = m**3 - 4*m**2 - 2*m + 6. What is k(h)?
-2
Let g(s) = -25*s + 3. Let k(l) = -12*l + 1. Let y(q) = -2*g(q) + 5*k(q). Determine y(-1).
9
Let h = 3 + -3. Let n(w) = h - 1 - 3*w**2 + 5*w**2. Let u(y) = -y**2 - 7*y + 2. Let j be